 Suppose 4*h + 2 = -38. Let j be (0 - -2)*35/(-10). Let n = j - h. What is g(n)?
3
Let q be (3 + 0)/(1 + 0). Suppose -12 = -q*d + 2*d. Let y be ((-4)/(-6))/(d/18). Let k(o) = -8*o**2 + 2*o - 1. What is k(y)?
-7
Let l be ((-9)/27)/((-1)/(-9)). Let m(u) = -u**2 + u - 2. What is m(l)?
-14
Let w(i) = 49*i + 6. Let u be w(3). Let a(n) = u + 3*n - 153. Determine a(1).
3
Let j(h) = h. Let k = 16 - 13. Calculate j(k).
3
Let q(s) = -s**2 + 5*s + 3. Let i(f) = -f**2 + 6*f + 3. Let c(t) = -3*i(t) + 4*q(t). Let r be 11 - (-1 + 6) - 1*2. Calculate c(r).
-5
Let o(m) be the third derivative of 0*m + 2*m**2 + 1/30*m**5 + 0 + 1/6*m**3 - 1/120*m**6 - 1/8*m**4. Determine o(2).
-5
Let d(q) = q**3 - 3*q**2 - q. Let h be (5 - 1) + (-2 - -1). Suppose -2 + 5 = -r - h*v, -r = 2*v + 1. Give d(r).
-3
Let l(q) be the third derivative of -q**5/20 + q**3/3 - q**2 - 18*q. What is l(2)?
-10
Let p be 22/14 - (-18)/42. Suppose p*r = 3*r - 5. Let x(z) = z. Calculate x(r).
5
Let i(y) be the second derivative of -2*y + 0 + 1/3*y**3 + 1/12*y**4 - 1/20*y**5 + 2*y**2. Give i(3).
-8
Suppose -4*s + x = 6*x + 20, -3*s - 15 = -3*x. Let a = s - -10. Let w(d) = -3*d**2 - 5*d - 2*d + d**3 + 3 + a*d. Calculate w(3).
-3
Let t(i) = -3*i - 1. Let p(o) = 16*o + 5. Let d(m) = 4*p(m) + 22*t(m). Calculate d(-3).
4
Let a(j) = -j**2 + 7*j - 2. Suppose 27 = 5*x - 2*f - 33, -4*f + 48 = 4*x. Let y be 48/x - 1*-2. What is a(y)?
4
Let d(p) = -p**3 - 2*p**2 + 2*p + 3. Suppose -3*k + 17 = 5. Suppose 2*f = k*f + 4. Determine d(f).
-1
Let s(r) be the third derivative of -r**5/60 + 2*r**3/3 + r**2. Suppose 0*c - 3*a + 3 = -3*c, 0 = -a + 2. Let i = c + 2. Calculate s(i).
-5
Let s(j) = -2*j**3 + 2*j**2 + 1. Suppose -n + 7 - 2 = 0. Let m = n + -2. Suppose h + 4 = m*h. Give s(h).
-7
Let d(u) be the first derivative of u**4/4 - u**3/3 - u**2/2 - 4*u + 29. Determine d(0).
-4
Let m(k) = -k**3 - k**2 + k - 5. Suppose -3*s + 1 = 2*w + 11, -2*s + 15 = -3*w. Determine m(s).
-5
Suppose 2*b = -4*x - 40, -2*b = 2*x - 4*b + 32. Let d be x/(6 + -2) + 9. Let j(f) be the first derivative of -f**4/4 + 7*f**3/3 - 3*f**2 + 2*f - 1. Give j(d).
2
Let c(d) = 6*d + 10. Let h(o) = 5*o + 10. Let y(m) = -6*c(m) + 7*h(m). Determine y(7).
3
Let l(s) = -s**2 + s. Let h(p) = 5*p**2 + 2*p - 9. Let o(q) = h(q) + 6*l(q). What is o(7)?
-2
Let r(n) = -n**2 - 6*n + 7. Suppose 0 = -4*x + 17*x + 78. What is r(x)?
7
Let g(c) = -2*c + 8. Let l be g(6). Let q(d) = d**3 + 5*d**2 + 2*d + 1. Determine q(l).
9
Let y(z) be the first derivative of 7*z**3/3 + z**2 + z + 10. Give y(-1).
6
Let b(l) = 2*l + 7. Let x(p) = -p - 3. Let i(c) = -3*b(c) - 7*x(c). Suppose -f - o - 5 = 0, -4*f + f = -2*o - 5. Calculate i(f).
-1
Let x(c) = -c**3 - 2*c**2 + 1. Let s be x(-2). Suppose a - 8 = -3*a. Let y(d) = -d**3 - d + d**2 - a*d**3 + d**2 + 2*d**3. Calculate y(s).
0
Suppose -3*l + 2 + 14 = 4*x, 4*x = -4*l + 16. Let n be (2 + -1)/(l - -1). Let p(t) = -2*t - n + 0 + t - 2. Determine p(0).
-3
Let g(o) = -29*o**3 - 5*o**2 + 5*o + 7. Let u(b) = -14*b**3 - 2*b**2 + 2*b + 3. Let z(l) = 3*g(l) - 7*u(l). Let r = 0 + 1. Determine z(r).
11
Let v(t) = 4*t**3 + 2*t - 4 + t**2 + 2*t + 0*t**3 - 5*t**3. Calculate v(3).
-10
Let o be 38/(-6) + (-2)/3. Let z(p) = -p**2 - 5*p + 8. Give z(o).
-6
Let q(a) = 4*a - 10*a - 1 + 5*a. Determine q(-5).
4
Let z(p) = p**3 - 4*p**2 + p - 1. Let m = 76 - 73. Determine z(m).
-7
Let m(h) = -h**3 - 4*h**2 - 4*h - 1. Let b(a) = -a**3 + 6*a**2 - 6*a + 1. Let z be b(5). Determine m(z).
15
Suppose -c = -0*c + 4*y - 31, -3*y = 5*c - 87. Suppose r + 5 - 2 = 0, -5*r - c = -z. Let l(m) = 2*m**2 - 3*m**3 + z*m**3 - m**2. Give l(1).
-2
Suppose 2*s + 25 = -3*s. Let k = 0 - -2. Let b(d) = 5*d - 1 - d**3 - 4*d**k + 0 - 4. Give b(s).
-5
Let n(y) = -2*y - 9. Let k be n(-6). Let x(d) = k - 2*d**2 - 8*d**3 - 3*d**2 + 5*d**3 + 2*d**3. Calculate x(-5).
3
Let l(r) be the first derivative of -r**4/4 - 2*r**3 + 2*r**2 - 8*r + 24. Give l(-7).
13
Let a = 9 - 14. Let l(n) = n**2 + n - 1. Let y(u) = 6*u**2 + 10*u - 4. Let f(s) = a*l(s) + y(s). Determine f(-5).
1
Let m(x) = x + 11. Let v = -28 + 20. Calculate m(v).
3
Let x be (3/(-6))/((-1)/2). Let v(u) = 3 + u + 0 + x - 3. Suppose 0*d + 29 = 4*l - 5*d, l - 11 = 2*d. What is v(l)?
2
Let x(v) be the third derivative of 0*v - v**2 + 0 + 1/24*v**4 + 0*v**3. Let o be x(2). Let j(z) = -z + 4. What is j(o)?
2
Let p(h) = -h**3 - 7*h**2 - 10*h - 9. Let w be p(-6). Let s = w + -3. Suppose 5*q - s - 3 = 5*x, -3*q = 3*x - 3. Let z(i) = 5*i**2 - 1. What is z(x)?
4
Let l(t) = -3*t + 4. Let i(r) = -r + 2. Let g(y) = -5*i(y) + 2*l(y). What is g(3)?
-5
Suppose -5*c + 2*z + 40 = 0, 5*z = -3*c - 6 - 1. Suppose c*d = d, -2*d = 4*u. Let m(x) = 2 + x + u - 1. What is m(5)?
6
Let a(n) be the first derivative of n**3/3 - n**2 - n + 12. What is a(2)?
-1
Suppose 21*f = 25*f - 28. Let q(v) = v**2 - 6*v - 6. What is q(f)?
1
Suppose 7*j = 3*j - 16. Let a be 6/j*40/(-12). Let r(g) = -3*g - 12. Let k(t) = -5*t - 24. Let d(h) = -4*k(h) + 7*r(h). Give d(a).
7
Let z = 4 + -1. Let f be (-120)/36 + 1/z. Let t(v) = v**2 + 4*v + 2. Determine t(f).
-1
Let o(t) = -3 + t**2 - 5 + 16 - 4 + 2*t. What is o(-6)?
28
Let w(u) = u**2 - 3*u - 2. Suppose -3*v = -8*v. Suppose 0 = -v*f - f. Suppose -t + 4 + f = 0. Determine w(t).
2
Let n(r) = 6 + r**3 - r - r**3 - r**3 + r**2 + 2*r**3. Let o be n(0). Let f(k) = k**3 - 5*k**2 - 6*k + 8. What is f(o)?
8
Let s(d) = -9*d + 2. Let i(h) = 28*h - 6. Let p(z) = -3*i(z) - 10*s(z). Suppose 3*u + 6 = -0*u. Determine p(u).
-14
Let z(l) be the first derivative of -2*l + 5*l**2 - 3*l**2 - 3*l**2 - 1. Calculate z(-2).
2
Let n(l) be the third derivative of -l**4/24 + l**3/3 + 2*l**2. Give n(-4).
6
Let c(t) = -t + 1. Let j(y) = 6*y**2 + y. Let k be j(-1). Suppose 18 + 2 = k*v. Let r(s) = s - 2. Let l(g) = v*c(g) + 2*r(g). Calculate l(3).
-6
Let v(c) = -2 + 2 - 8*c - 5 - c**2 + 2*c. Let m be v(-4). Let a(h) = 2*h**2 - 3*h + 1. Calculate a(m).
10
Let c(t) = -2*t**2 + 8*t + 8. Let r(z) = z**2 - 1. Let m(n) = c(n) + 3*r(n). Let q be (8/(-2))/1 - (9 + -7). What is m(q)?
-7
Let o(a) be the first derivative of -a**4/4 - 4*a**3/3 + 7*a**2/2 - 1. Give o(-5).
-10
Let g(z) = z**3 + 6*z**2 - 2*z - 6. Suppose -2*h + 12 = 2*h. Suppose -9 = 5*n + 16, -h*d = -n + 13. Calculate g(d).
6
Suppose 3*q = 2*q + 4. Suppose 2*a + 2 = 3*a. Let u(d) = a - 3 - d + q. What is u(4)?
-1
Let v(t) be the first derivative of 5*t - 4*t**2 + 1/3*t**3 + 2. Calculate v(6).
-7
Let f be 0 + 60/(-14) + (-2)/(-7). Let z(k) = k**3 + 2*k**2 - k. What is z(f)?
-28
Let c be (1 + -5)*(3/4 - 1). Let p(t) = -5*t**2 - 8*t - 1 - 4*t**3 + 4*t**2 + 10*t. Determine p(c).
-4
Let h(q) = 5*q**2 - 5*q. Let o(r) = -4*r**2 + 5*r - 1. Let d(t) = -3*h(t) - 4*o(t). Let n = -8 + 12. What is d(n)?
0
Let r(z) = 5 + 8*z + 4645*z**2 - 4643*z**2 + z. Determine r(-6).
23
Let k(l) = -3*l + 0*l + 0*l**3 - 6 + 3*l**2 - 4*l**3 + 5*l**3. Let n be (-1 + (-1)/3)*3. Give k(n).
-10
Let z(c) be the first derivative of -17*c**2/2 - c - 16. Give z(1).
-18
Let w(j) be the first derivative of j**4/4 - 5*j**3/3 - 7*j**2/2 - j + 8. Determine w(6).
-7
Let j(i) = -5*i**2 - i + 1. Suppose -u - 2 = -5. Let b be u/2*(-10)/(-15). What is j(b)?
-5
Let g(a) be the second derivative of a**3/6 - a**2/2 - 6*a. Give g(1).
0
Let q(j) be the first derivative of j**4/4 - 5*j**3/3 + 5*j**2/2 + 4*j - 25. Suppose 4 = 2*y + 4*f - 0, 2*f = -2*y + 6. Calculate q(y).
8
Let l(r) = 15*r + 44. Let o be l(-3). Let b = 5 - -3. Let v(t) = -t + b*t + t. Give v(o).
-8
Let l(g) = -g + 4. Let t be l(3). Let m(a) = a**2 - a. Let x(f) = 12*f**2 - 13*f**2 - 4 - 4 + 1 - 2*f. Let i(o) = t*x(o) + 2*m(o). Determine i(6).
5
Let v(q) = 3*q + 11. Let i(p) = -2*p - 6. Let w(x) = -5*i(x) - 3*v(x). Let j(s) = -2*s + 7. Let y(b) = 3*j(b) + 5*w(b). Give y(0).
6
Suppose z - 4 = 0, -3*s + 0*s + z = -11. Let h(o) be the second derivative of o**5/20 - 5*o**4/12 + 7*o**2/2 - 41*o. Give h(s).
7
Suppose -n + 0 = -10. Suppose n = 3*s - 2. Suppose 0 = s*w - w. Let h(v) = v - 1. Give h(w).
-1
Let z(a) be the second derivative of -a**5/20 - a**4/3 - a**3/3 + a**2 + 2*a. Suppose 3*v = -v + 4, -v = 3*k + 5. What is z(k)?
-2
Let n(q) = 2*q - 12. Suppose 2*a = 4*y + 31 - 11, -y = -2*a + 17. Let f be n(a). Let x(w) = w - 4. Determine x(f).
0
Let u(o) = -o**2 + 7*o - 7. Let g = 60 + -55. D